{"id":162,"date":"2015-12-16T10:04:44","date_gmt":"2015-12-16T10:04:44","guid":{"rendered":"https:\/\/www.maquinariadeportiva.com\/blog\/?page_id=162"},"modified":"2016-01-07T13:51:42","modified_gmt":"2016-01-07T13:51:42","slug":"maquinaria-para-discapacitados-fisicos","status":"publish","type":"page","link":"https:\/\/www.maquinariadeportiva.com\/blog\/tienda\/venta-2\/maquinaria-para-discapacitados-fisicos\/","title":{"rendered":"Maquinaria para Discapacitados F\u00edsicos"},"content":{"rendered":"<p>[et_pb_section admin_label=\u00bbsection\u00bb transparent_background=\u00bbon\u00bb allow_player_pause=\u00bboff\u00bb inner_shadow=\u00bboff\u00bb parallax=\u00bboff\u00bb parallax_method=\u00bboff\u00bb padding_mobile=\u00bboff\u00bb make_fullwidth=\u00bboff\u00bb use_custom_width=\u00bboff\u00bb width_unit=\u00bbon\u00bb make_equal=\u00bboff\u00bb use_custom_gutter=\u00bboff\u00bb][et_pb_row admin_label=\u00bbrow\u00bb make_fullwidth=\u00bboff\u00bb use_custom_width=\u00bboff\u00bb width_unit=\u00bbon\u00bb use_custom_gutter=\u00bboff\u00bb padding_mobile=\u00bboff\u00bb allow_player_pause=\u00bboff\u00bb parallax=\u00bboff\u00bb parallax_method=\u00bboff\u00bb make_equal=\u00bboff\u00bb background_color_1=\u00bbrgba(255,255,255,0.7)\u00bb column_padding_mobile=\u00bbon\u00bb][et_pb_column type=\u00bb1_2&#8243;][et_pb_text admin_label=\u00bbTexto\u00bb background_layout=\u00bblight\u00bb text_orientation=\u00bbleft\u00bb use_border_color=\u00bbon\u00bb border_color=\u00bb#000000&#8243; border_style=\u00bbsolid\u00bb custom_padding=\u00bb20px|20px|20px|20px\u00bb]<\/p>\n<h3 style=\"text-align: center;\">Maquinaria para Discapacitados f\u00edsicos<\/h3>\n<p style=\"text-align: justify;\">Dentro de todo el abanico de posibilidades de productos deportivos que vendemos y alquilamos, nos diferenciamos de los dem\u00e1s especializ\u00e1ndonos en venta de maquinaria de ayudas t\u00e9cnicas a personas con movilidad reducida como Scooters el\u00e9ctricos, andadores, etc\u2026 Y tambi\u00e9n en material para deportistas con discapacidad f\u00edsica, como sillas de ruedas para deportistas, handbike y todo tipo de material deportivo para invidentes.<\/p>\n<p style=\"text-align: justify;\">Cons\u00faltanos o ven a visitarnos a nuestra tienda en Madrid.<\/p>\n<p>[\/et_pb_text][\/et_pb_column][et_pb_column type=\u00bb1_2&#8243;][et_pb_image admin_label=\u00bbImagen\u00bb src=\u00bbhttps:\/\/www.maquinariadeportiva.com\/blog\/wp-content\/uploads\/2015\/12\/alyvesat-quienes-somos.jpg\u00bb show_in_lightbox=\u00bboff\u00bb url_new_window=\u00bboff\u00bb animation=\u00bbleft\u00bb sticky=\u00bboff\u00bb align=\u00bbcenter\u00bb force_fullwidth=\u00bboff\u00bb always_center_on_mobile=\u00bbon\u00bb use_border_color=\u00bboff\u00bb border_color=\u00bb#ffffff\u00bb border_style=\u00bbsolid\u00bb custom_css_main_element=\u00bbborder:1px solid #000;\u00bb] [\/et_pb_image][\/et_pb_column][\/et_pb_row][\/et_pb_section]<\/p>\n","protected":false},"excerpt":{"rendered":"<p>Maquinaria para Discapacitados f\u00edsicos Dentro de todo el abanico de posibilidades de productos deportivos que vendemos y alquilamos, nos diferenciamos de los dem\u00e1s especializ\u00e1ndonos en venta de maquinaria de ayudas t\u00e9cnicas a personas con movilidad reducida como Scooters el\u00e9ctricos, andadores, etc\u2026 Y tambi\u00e9n en material para deportistas con discapacidad f\u00edsica, como sillas de ruedas para [&hellip;]<\/p>\n","protected":false},"author":1,"featured_media":0,"parent":158,"menu_order":0,"comment_status":"closed","ping_status":"closed","template":"","meta":{"_et_pb_use_builder":"on","_et_pb_old_content":"<p style=\"text-align: justify;\"><strong>VENTA DE MAQUINARIA PARA DISCAPACITADOS F\u00cdSICOS<\/strong><\/p><p style=\"text-align: justify;\">Dentro de todo el abanico de posibilidades de productos deportivos que vendemos y alquilamos, nos diferenciamos de los dem\u00e1s especializ\u00e1ndonos en venta de maquinaria de ayudas t\u00e9cnicas a personas con movilidad reducida como Scooters el\u00e9ctricos, andadores, etc\u2026 Y tambi\u00e9n en material para deportistas con discapacidad f\u00edsica, como sillas de ruedas para deportistas, handbike y todo tipo de material deportivo para invidentes.<\/p><p style=\"text-align: justify;\">Cons\u00faltanos o ven a visitarnos a nuestra tienda en Madrid.<\/p>","_et_gb_content_width":""},"_links":{"self":[{"href":"https:\/\/www.maquinariadeportiva.com\/blog\/wp-json\/wp\/v2\/pages\/162"}],"collection":[{"href":"https:\/\/www.maquinariadeportiva.com\/blog\/wp-json\/wp\/v2\/pages"}],"about":[{"href":"https:\/\/www.maquinariadeportiva.com\/blog\/wp-json\/wp\/v2\/types\/page"}],"author":[{"embeddable":true,"href":"https:\/\/www.maquinariadeportiva.com\/blog\/wp-json\/wp\/v2\/users\/1"}],"replies":[{"embeddable":true,"href":"https:\/\/www.maquinariadeportiva.com\/blog\/wp-json\/wp\/v2\/comments?post=162"}],"version-history":[{"count":13,"href":"https:\/\/www.maquinariadeportiva.com\/blog\/wp-json\/wp\/v2\/pages\/162\/revisions"}],"predecessor-version":[{"id":268,"href":"https:\/\/www.maquinariadeportiva.com\/blog\/wp-json\/wp\/v2\/pages\/162\/revisions\/268"}],"up":[{"embeddable":true,"href":"https:\/\/www.maquinariadeportiva.com\/blog\/wp-json\/wp\/v2\/pages\/158"}],"wp:attachment":[{"href":"https:\/\/www.maquinariadeportiva.com\/blog\/wp-json\/wp\/v2\/media?parent=162"}],"curies":[{"name":"wp","href":"https:\/\/api.w.org\/{rel}","templated":true}]}}